 117 - 3) + (13 - 10)
-121
What is -36 + 39 + -3 + 0 + 34?
34
Calculate 61 - (5 - (2 - (-12 + 14) - (-6 + -3))).
65
(-3 - -11 - -24) + 55 + -50
37
Evaluate 11 + 14 - (-3 - (-12 + 27)).
43
Calculate 5 - (186 + -114 - (19 - -1)).
-47
792 + -815 + (3 - -20)
0
(-72 + 9 - (2 - 9)) + -29 + 23
-62
(-95 - -104) + -8 + 9 + (5 - 11) + 93
97
Calculate -23 - (-42 - (-43 + 22)) - -27.
25
Calculate 1 + 0 + 123 + -124 - (4 + -2).
-2
What is the value of (-7 - (-6 + -44) - -10) + (-19 - -13)?
47
Evaluate -18 + 40 + (34 - 28).
28
What is the value of (78 - 0) + (83 - 173) + 77?
65
Calculate -17 + 22 + -14 + 0 + 7 - 21 - 10.
-33
What is (-11 + -10 - -11) + 14 + -21 + -6?
-23
What is the value of -14 + ((2 - 8) + (-87 - -148) - 4)?
37
What is (-19 - (-73 + 49)) + -23?
-18
What is -49 + (5 - (-10 - 3) - 46)?
-77
What is -8 + 0 - ((-237 - -126) + 160)?
-57
Calculate 44 + 37 - (-3 + 12 - 19).
91
What is 15 + -40 - 8 - -12 - -13?
-8
-43 - (-121 - -36) - 50
-8
What is 177 + -192 - (-9 + 4) - (-1 - (-3 - -43))?
31
Evaluate -1 - (2 - 28) - (1918 + -1953).
60
What is the value of 4 - (36 + -71 + 49)?
-10
What is the value of -13 - (-94 + -9 + 6 - (-8 + -14 - -16))?
78
What is 9 + -1 + 10 + (60 - 29)?
49
What is 14 + (-26 - (23 - 31 - 12)) + -2 + 20?
26
Evaluate (3 + 0 - (0 + 1 + -3)) + (248 - 254).
-1
What is the value of -16 + ((-25 - -13) + 10 - -16)?
-2
What is the value of 68 - (-35 + 129) - -23?
-3
(-8 - ((2 - 12) + (-31 - 25) + 1)) + -8
49
19 - -1 - ((31 + 6 - 38) + 85)
-64
2 + -38 + 29 + (5 - 43)
-45
What is -44 + 28 + 52 - 47?
-11
Calculate -2 + 14 + -2056 + 2025.
-19
What is the value of 59 - (61 + 55 + -67)?
10
Calculate -9 + (11 - (2 - (9 + -7))) - (27 + -3).
-22
Evaluate (-10 - (-1 + -3)) + 29 + 24.
47
What is the value of 23 - 21 - (-86 - 6)?
94
Evaluate 31 - (-48 + -34 + 77).
36
-59 + (-12 - 4 - (-9 - -2)) + 14
-54
What is the value of -4 - (3 - -2) - (-14 + 11 + -35 + 6)?
23
40 + 0 + 3 - (-20 - (-2 + -4 + -16))
41
What is (-6 - (10 - 39)) + (-27 - 10)?
-14
What is -67 + (-61 + 79 - -16)?
-33
(-9 - -8 - 53) + 1 + 7 - (10 - 2)
-54
-2 + (4 - 4 - 43) - (-34 - -52 - 8)
-55
6 - (-59 + 53 + 15)
-3
What is 37 + (-11 - (-26 + (12 - -8 - 7))) + -9?
30
Calculate 92 + -39 - 13 - 20.
20
-885 - -894 - (-5 + 5 + 1 - -57)
-49
16 + (-13 - -11) + 20 + -4 - (-6 + 0)
36
What is the value of (10 - 180 - -78) + (-4 + 12 - 5)?
-89
Calculate -6 + -12 + 10 + 7 + -4 + 49.
44
What is the value of (-10 - 43 - -106) + (6 - 1)?
58
(-70 + 9 - 31) + 82
-10
Evaluate 4 + (39 + -22 + -93 - -30).
-42
What is the value of 29 + -24 - (5 - (3 + 7) - -79)?
-69
44 - (17 + -30 + 15 - 27)
69
What is the value of 1 + 2 - (0 + 18) - (8602 + -8580)?
-37
Evaluate (-5 - (-3 + (19 - 5))) + 24 - -41.
49
What is (-68 - 1) + (663 - 643) + 0 + -11?
-60
What is 11 + 48 + -71 + 5 + 46?
39
What is (-3 - -69) + 1469 + -1535?
0
-12 + -23 + -3 - (-6 + 18 - (11 + -3))
-42
What is -4 - (-3 + -2 - -7) - -59?
53
-3 + -95 - (459 - 459)
-98
What is (102 + -52 - 4) + -71?
-25
35 - (-2 - (-46 + 62))
53
(-8 + -16 - -25) + 69 + (6 - -1 - 6)
71
Calculate -41 - (117 + (-46 - 77)).
-35
What is the value of 13 + (7 - (60 - (-17 - 0)) - 9)?
-66
Evaluate -42 - ((-11 - -4 - -31) + -11 + -12).
-43
Calculate 132 - (49 + 18) - -12.
77
Calculate (1448 - 1431) + (-30 - 0).
-13
What is the value of (-57 - -91) + 44 - 44?
34
What is the value of -106 - (-70 + 46 - 24)?
-58
What is the value of -53 - -23 - (51 + -100)?
19
Evaluate (153 - (-25 - -88)) + (-3 - (0 + -1)) + 14.
102
Calculate 21 + (31 - 87) - -24 - -61.
50
What is 6 - (((-10 - -19) + -1 - (-4 + 24)) + 5)?
13
What is the value of -5 - (53 + -82 - 14)?
38
Calculate -60 - -7 - -13 - -13 - -28.
1
What is the value of -50 + 67 + (3 - (67 - -12))?
-59
Calculate (8 - (2 - (11 - -2))) + -17.
2
89 - ((162 - 41) + -58)
26
What is the value of 87 + (-88 - 8) + 1 + (-119 - 5)?
-132
40 + (59 - 37) + -43 - -84
103
What is the value of -96 + -5 - (454 + -482)?
-73
Calculate (-146 - -163) + 56 + -1 + 9 + -4.
77
Calculate (143 - 148) + (-1 - (11 - (-5 + 5))).
-17
What is the value of -25 + -4 + (128 - 97)?
2
What is -24 - (53 + -141 + 45)?
19
Calculate -35 - ((-35 - -74 - 39) + -162).
127
What is the value of 38 - (-8 + (8 - 11) + (-3 - -25)) - -9?
36
What is -63 + 111 - 90 - 12?
-54
Evaluate -55 + 34 - 5 - (22 + 9).
-57
What is (23 + -17 + 4 - 74 - -11) + -1?
-54
What is the value of 2 + (2 - 3) + (2297 - 2289)?
9
-265 + 230 - (5 + 1)
-41
Evaluate -54 + 3 + (-27 - -2) + 411 + -384.
-49
Evaluate -1 + (28 - -10) + (-22 - -14 - -4).
33
What is (-19 - (18 - (-8 - -19) - 21)) + -84?
-89
What is the value of (-5 + -9 + 24 - -21) + -5?
26
What is 47 + -30 + 10 + -88?
-61
139 + (-117 - (-99 + 45))
76
What is -8 - -18 - (14 + 8) - -39?
27
20 - (-3 - (16 + -68 + -20))
-49
Calculate 279 - 561 - -289 - (73 - 0).
-66
Evaluate -15 - -8 - (-212 + 221 - (1 - (-1 + -4))).
-10
What is the value of 1 + -14 + -2 - (-3232 - -3158)?
59
Evaluate 825 - 799 - (1 + 0 - (0 - 4)).
21
What is (7 - 0) + (-240 + 231 - (-1 + 2 + 7))?
-10
Evaluate 47 + (-34 - -69) - 40.
42
What is the value of 2 + -164 - (8191 - 8268)?
-85
What is 10 + (12 - (-6 + -10 + 18)) + 1?
21
What is 46 - (7 - -42) - -59?
56
What is 8 - 7 - ((-103 - -100) + (-4 - 1) - -2)?
7
Calculate 12 + (62 - 5 - 13) - (0 - -7).
49
What is (-73 - 90) + 175 + -38?
-26
What is 10 + (-49 + -3 - -25 - (1 - -3))?
-21
What is (80 - -82 - 157) + 27 + -1?
31
Calculate (-3 - (-4 - -5)) + -6 - (-59 + 1 + 10).
38
Calculate (14 - -61 - 114) + 16 + -2.
-25
What is the value of -11 + -3 + 2 + (-128 - -72 - (2 - 1))?
-69
Evaluate 6 + 1 - (-8706 - -8616).
97
What is -163 + 144 + 8 + -1 - -55?
43
Calculate -4 - (-173 + 57) - -25.
137
Evaluate (-6 + 114 - ((-12 - -8) + 13)) + 18.
117
Evaluate 12 - (-78 + (-6 - -71)).
25
Evaluate (-32 - (-58 + 26)) + (0 - -104 - (-3 + -2)).
109
Calculate -68 + (-2 + 24 - (19 - ((49 - 29) + -10))).
-55
What is the value of -59 - -6 - (5 - (-8 + -5 + 3))?
-68
Evaluate 2 + -20 - (-96 - -106 - 25).
-3
What is the value of 51 + (-105 - -52) + 44?
42
Calculate 10 - 7 - (6 + 13 + -19).
3
-7 - (3 + -3 - 6 - (125 + -92))
32
(-60 + 70 - (-2 - -17)) + 106
101
-87 + 5 + -24 + 20 + -3 + (-2 - -11)
-80
Calculate 117 - (22 + 22) - (8 - 12).
77
(42 - 59) + 43 + -17 + 9 + -1 + 1
18
What is -53 + 105 + -3 - 1?
48
What is the value of 888 + -921 - (-3 - (-1 + -1 + 0) - 5)?
-27
Evaluate 11 - (-96 + (11 - -46)).
50
What is -26 - ((-53 - 28) + 30)?
25
-84 + (154 + -79 - -17)
8
What is 5 + 6 - (14 + 17 + -82)?
62
What is 159 + -67 - (1 - -58)?
33
(-49 - -50) + 69 - 42
28
(26 + (-21 - -14) + -12 - 0) + 60
67
Calculate (-35 - 44) + ((8 - -7) + -8 - -10).
-62
Evaluate 40 - (9 - (4 + -33 + 10 + 13)).
25
What is the value of (18 - 36) + (4 + 2 - -24) - (36 + -2)?
-22
Evaluate (48 - 33 - 13) + (54 - (-13 - (0 + -7))).
62
2 - (-364 - -376 - (0 - -48))
38
Evaluate -4 - ((-15 - (33 + 14)) + (20 - 4)).
42
Evaluate 15 + (41 - (26 + -3)).
33
-138 - -145 - (-6 + -3 + -5 + 8)
13
Calculate (-7 - 0) + -4 + -26 + -37 + -31.
-105
What is -48 + 11 + 21 + 4?
-12
Calculate (-2 + 1 - (26 + (6 - -17))) + -2.
-52
Evaluate 8 + -9 + 66 + -40.
25
Calculate 2 - (13 - -16) - -35.
8
What is the value of (39 - 46) + -15 - -32?
10
What is 9 + -12 - (-69 + 110)?
-44
(7 - 1) + 2 - (-17 + -51 + 11)
65
What is 85 + 32 + (-116 - 1 - -43)?
43
What is 9 + (-46 + 17 - 12)?
-32
Calculate (8 - 14) + 18 - (-128 - (-18 + 9 + -7)).
124
What is (-4 - ((-33 - -5) + -5)) + -5 - (23 + -14)?
15
-84 + -4 + -18 - (-9 - (4 - (-1 + 10)))
-102
Evaluate (11 - 0) + (21 - 8) + -42 + (-1 - -11).
-8
Calculate -2 + 1 + -99 + -221 + 246.
-75
Evaluate -60 + (14 - (-15 - (-8 + -40)) - (0 + -8)).
-71
Calculate (-22 - (5 + -7 - 1)) + (3 - -8) + -3.
-11
Calculate (3 - -26 - 75) + 38.
-8
Calculate 19 - (-12 - (-34 + (-4 - -19))) - (-7 + -19).
38
What is -6 + 1610 + -1644 + (0 - 2 - -21)?
-21
-52 - (16 - (-23 + (15 - -32)) - (0 + -11))
-55
Evaluate (5 - 17) + (-2 - (-1 - 1)) + 551 + -554.
-15
Calculate 63 + 13 + -49 + 2 + 11.
40
What is (-17 - 8 - 14) + (12 + -1 - 3)?
-31
Evaluate 16 + -45 + 31 + 8.
10
What is -2 - 13 - (12 - (19 + 11)) - 5?
-2
Calculate 16 - 29 - -23 - (1 + -3 - -14).
-2
Calculate -1 + -6 + -2 - (-65 + -151 - -212).
-5
What is the value of -9 + ((-15 - (-22 - -22)) + 11 - -2)?
-11
Calculate (-36 - -1) + 25 + (-41 - (